6?
14
What is the highest common divisor of 888 and 3504?
24
Calculate the highest common divisor of 12704 and 368.
16
What is the greatest common divisor of 1044 and 34674?
6
What is the highest common factor of 6674 and 639?
71
Calculate the greatest common factor of 22341 and 66.
33
Calculate the greatest common divisor of 390445 and 2290.
1145
Calculate the greatest common divisor of 6 and 8805.
3
Calculate the greatest common factor of 296 and 6253.
37
Calculate the greatest common factor of 975 and 291200.
325
What is the highest common factor of 206880 and 960?
480
What is the highest common factor of 7917 and 1517802?
1131
What is the greatest common factor of 7291 and 3266?
23
Calculate the highest common divisor of 21600 and 1017.
9
Calculate the highest common factor of 223340 and 65.
65
Calculate the greatest common factor of 190 and 1060485.
95
Calculate the greatest common divisor of 619208 and 174.
58
Calculate the highest common divisor of 49 and 106624.
49
Calculate the highest common factor of 8575 and 119021.
343
What is the greatest common divisor of 872702 and 326?
326
What is the greatest common factor of 2880 and 7515?
45
Calculate the greatest common divisor of 3682 and 77.
7
What is the highest common factor of 62496 and 3224?
248
Calculate the highest common divisor of 23575 and 14720.
115
What is the greatest common divisor of 210 and 2619330?
210
What is the highest common divisor of 335496 and 12?
12
Calculate the greatest common divisor of 41830 and 50.
10
What is the greatest common factor of 95 and 320055?
95
Calculate the greatest common factor of 111 and 11876223.
111
Calculate the greatest common factor of 8672 and 78319.
271
What is the greatest common divisor of 67284 and 10413?
801
What is the greatest common factor of 6750 and 342?
18
What is the highest common factor of 575 and 437?
23
Calculate the greatest common divisor of 6403 and 817.
19
What is the highest common divisor of 50 and 1340825?
25
Calculate the greatest common factor of 45 and 363105.
45
What is the greatest common factor of 1584684 and 6432?
804
What is the highest common factor of 19564 and 584?
292
Calculate the greatest common factor of 898437 and 3.
3
What is the greatest common factor of 263004 and 196?
28
What is the highest common factor of 24 and 602166?
6
What is the greatest common factor of 24678 and 3456?
54
What is the highest common divisor of 37627 and 191?
191
Calculate the highest common divisor of 19131 and 763.
7
Calculate the greatest common factor of 16655 and 30.
5
What is the greatest common factor of 57 and 3207?
3
What is the greatest common divisor of 148338 and 492?
246
What is the highest common divisor of 766636 and 460?
92
What is the highest common divisor of 9219 and 63?
21
What is the highest common divisor of 965310 and 24?
6
Calculate the greatest common factor of 366543 and 117.
9
Calculate the greatest common factor of 56816 and 24.
8
What is the greatest common factor of 378 and 1868076?
378
Calculate the greatest common factor of 717 and 1637867.
239
Calculate the greatest common factor of 2749896 and 4.
4
Calculate the highest common factor of 72 and 10664.
8
What is the highest common factor of 1580 and 1500?
20
Calculate the highest common factor of 224 and 66892.
28
Calculate the highest common divisor of 49 and 10745.
7
What is the highest common divisor of 896 and 480?
32
Calculate the greatest common divisor of 133 and 49399.
7
What is the greatest common factor of 282 and 392121?
141
Calculate the highest common divisor of 3354 and 2451.
129
What is the highest common factor of 1808 and 496522?
226
Calculate the greatest common divisor of 172 and 220461.
43
Calculate the highest common factor of 891 and 220.
11
Calculate the greatest common divisor of 1397 and 201041.
127
What is the greatest common divisor of 26400 and 21840?
240
What is the greatest common divisor of 26 and 194896?
26
Calculate the highest common divisor of 182 and 1175902.
182
Calculate the greatest common factor of 575380 and 520.
260
Calculate the highest common divisor of 152409 and 26967.
303
Calculate the highest common factor of 16021 and 30743.
433
What is the highest common factor of 170 and 364072?
34
Calculate the highest common divisor of 20 and 6415.
5
Calculate the greatest common factor of 272782 and 142.
142
Calculate the highest common factor of 14101 and 26432.
59
Calculate the greatest common factor of 4379 and 79577.
151
Calculate the greatest common factor of 14021 and 63.
7
What is the highest common factor of 3910 and 697360?
230
What is the highest common divisor of 225 and 98415?
45
Calculate the highest common divisor of 52458 and 126.
42
What is the highest common divisor of 56559 and 459?
51
What is the highest common divisor of 179 and 5871916?
179
Calculate the highest common divisor of 7954 and 4264.
82
What is the greatest common factor of 552 and 673256?
184
Calculate the greatest common factor of 1044 and 164.
4
What is the greatest common divisor of 37 and 1339992?
37
Calculate the greatest common divisor of 590440 and 2320.
1160
What is the highest common factor of 69 and 26031?
3
What is the highest common divisor of 184583 and 931?
49
Calculate the highest common divisor of 1044 and 306472.
116
What is the highest common factor of 450 and 89700?
150
What is the highest common divisor of 24892 and 2540?
508
Calculate the highest common divisor of 46001 and 785.
157
Calculate the greatest common factor of 300 and 145900.
100
What is the highest common factor of 379368 and 3?
3
What is the greatest common factor of 1045 and 670263?
209
What is the greatest common factor of 867 and 185691?
51
What is the greatest common divisor of 1846 and 1378?
26
Calculate the greatest common divisor of 165394 and 82.
82
Calculate the greatest common divisor of 2018164 and 356.
356
What is the highest common factor of 27475 and 625?
25
What is the greatest common factor of 85241 and 21883?
79
Calculate the greatest common factor of 25272 and 10368.
648
Calculate the greatest common divisor of 16 and 7261568.
16
What is the greatest common factor of 160832 and 128?
64
Calculate the highest common divisor of 32680 and 215.
215
What is the greatest common factor of 99 and 551958?
33
Calculate the highest common factor of 461 and 60852.
461
What is the highest common divisor of 1015 and 158195?
145
Calculate the highest common divisor of 18 and 1882458.
18
Calculate the greatest common factor of 288 and 4464.
144
Calculate the highest common factor of 69689 and 2497.
227
What is the greatest common factor of 8396 and 4?
4
What is the highest common divisor of 3456 and 243216?
432
What is the greatest common factor of 2156 and 750596?
308
What is the greatest common divisor of 68 and 65127?
17
What is the greatest common factor of 35 and 122185?
35
Calculate the highest common factor of 1053039 and 2535.
507
What is the highest common factor of 44177 and 581?
7
What is the greatest common divisor of 2294 and 16021?
37
What is the greatest common divisor of 236271 and 42?
21
Calculate the highest common factor of 390916 and 16.
4
What is the greatest common divisor of 3479 and 14357?
49
Calculate the greatest common divisor of 3696 and 2079.
231
What is the highest common factor of 75 and 36735?
15
What is the greatest common divisor of 238343 and 1027?
79
What is the highest common divisor of 400848 and 1344?
336
Calculate the greatest common factor of 14413 and 1421.
203
Calculate the greatest common factor of 3756 and 852.
12
Calculate the highest common divisor of 840944 and 507.
169
What is the highest common divisor of 217373 and 3289?
299
What is the greatest common divisor of 11040 and 4380?
60
Calculate the greatest common factor of 280 and 89726.
14
What is the greatest common divisor of 107133 and 78?
39
Calculate the greatest common divisor of 1753696 and 224.
224
What is the greatest common factor of 485 and 98940?
485
What is the greatest common divisor of 54165 and 5980?
115
Calculate the highest common factor of 976 and 2304.
16
What is the greatest common factor of 140 and 10570?
70
Calculate the greatest common factor of 4 and 76598.
2
What is the greatest common divisor of 240 and 568